factors of 6369.
3, 11, 193
List the prime factors of 63056.
2, 7, 563
What are the prime factors of 2604?
2, 3, 7, 31
List the prime factors of 470.
2, 5, 47
What are the prime factors of 1607?
1607
List the prime factors of 908.
2, 227
What are the prime factors of 15166?
2, 7583
What are the prime factors of 1496?
2, 11, 17
List the prime factors of 203.
7, 29
List the prime factors of 904.
2, 113
List the prime factors of 1115.
5, 223
List the prime factors of 13087.
23, 569
What are the prime factors of 1059?
3, 353
List the prime factors of 2010.
2, 3, 5, 67
List the prime factors of 51349.
51349
List the prime factors of 28428.
2, 3, 23, 103
What are the prime factors of 24394?
2, 12197
List the prime factors of 7089.
3, 17, 139
What are the prime factors of 933?
3, 311
List the prime factors of 14752.
2, 461
List the prime factors of 510.
2, 3, 5, 17
What are the prime factors of 62249?
11, 5659
What are the prime factors of 526?
2, 263
What are the prime factors of 1775?
5, 71
What are the prime factors of 1240?
2, 5, 31
What are the prime factors of 3295?
5, 659
What are the prime factors of 46808?
2, 5851
List the prime factors of 134765.
5, 26953
What are the prime factors of 935?
5, 11, 17
What are the prime factors of 3706?
2, 17, 109
List the prime factors of 41033.
37, 1109
What are the prime factors of 4222?
2, 2111
What are the prime factors of 10322?
2, 13, 397
What are the prime factors of 89454?
2, 3, 17, 877
What are the prime factors of 17622?
2, 3, 11, 89
What are the prime factors of 26607?
3, 7, 181
List the prime factors of 5858.
2, 29, 101
List the prime factors of 14183.
13, 1091
List the prime factors of 897.
3, 13, 23
What are the prime factors of 98632?
2, 12329
List the prime factors of 22518.
2, 3, 139
What are the prime factors of 6372?
2, 3, 59
What are the prime factors of 41457?
3, 13, 1063
List the prime factors of 37512.
2, 3, 521
List the prime factors of 5599.
11, 509
What are the prime factors of 24234?
2, 3, 7, 577
What are the prime factors of 3553?
11, 17, 19
What are the prime factors of 73361?
73361
List the prime factors of 6733.
6733
What are the prime factors of 7472?
2, 467
What are the prime factors of 79201?
79201
What are the prime factors of 47184?
2, 3, 983
What are the prime factors of 4848?
2, 3, 101
What are the prime factors of 324?
2, 3
What are the prime factors of 59?
59
List the prime factors of 17181.
3, 23, 83
What are the prime factors of 6650?
2, 5, 7, 19
What are the prime factors of 15224?
2, 11, 173
List the prime factors of 77336.
2, 7, 1381
What are the prime factors of 1066?
2, 13, 41
List the prime factors of 45325.
5, 7, 37
List the prime factors of 141.
3, 47
List the prime factors of 416.
2, 13
List the prime factors of 29269.
29269
What are the prime factors of 4116?
2, 3, 7
What are the prime factors of 25545?
3, 5, 13, 131
List the prime factors of 2165.
5, 433
What are the prime factors of 9755?
5, 1951
List the prime factors of 958.
2, 479
List the prime factors of 14197.
14197
What are the prime factors of 5112?
2, 3, 71
What are the prime factors of 60814?
2, 13, 2339
What are the prime factors of 129933?
3, 14437
List the prime factors of 3662.
2, 1831
What are the prime factors of 29483?
29483
List the prime factors of 346.
2, 173
List the prime factors of 30171.
3, 89, 113
What are the prime factors of 2016?
2, 3, 7
List the prime factors of 54264.
2, 3, 7, 17, 19
List the prime factors of 1125.
3, 5
List the prime factors of 17649.
3, 37, 53
List the prime factors of 78056.
2, 11, 887
What are the prime factors of 43879?
11, 3989
List the prime factors of 98297.
98297
List the prime factors of 70205.
5, 19, 739
List the prime factors of 33144.
2, 3, 1381
What are the prime factors of 5871?
3, 19, 103
List the prime factors of 4950.
2, 3, 5, 11
List the prime factors of 77250.
2, 3, 5, 103
List the prime factors of 829.
829
What are the prime factors of 909?
3, 101
List the prime factors of 14628.
2, 3, 23, 53
What are the prime factors of 37098?
2, 3, 229
List the prime factors of 1257.
3, 419
List the prime factors of 3640.
2, 5, 7, 13
List the prime factors of 15349.
15349
List the prime factors of 78344.
2, 7, 1399
List the prime factors of 8017.
8017
What are the prime factors of 12692?
2, 19, 167
List the prime factors of 36072.
2, 3, 167
List the prime factors of 9156.
2, 3, 7, 109
List the prime factors of 4061.
31, 131
List the prime factors of 68227.
68227
What are the prime factors of 54179?
17, 3187
What are the prime factors of 11313?
3, 419
List the prime factors of 4074.
2, 3, 7, 97
List the prime factors of 13242.
2, 3, 2207
List the prime factors of 66169.
66169
What are the prime factors of 4099?
4099
List the prime factors of 3594.
2, 3, 599
What are the prime factors of 7934?
2, 3967
What are the prime factors of 12623?
13, 971
What are the prime factors of 22594?
2, 11, 13, 79
List the prime factors of 1162.
2, 7, 83
List the prime factors of 2029.
2029
List the prime factors of 63476.
2, 7, 2267
List the prime factors of 636.
2, 3, 53
What are the prime factors of 12677?
7, 1811
What are the prime factors of 846?
2, 3, 47
What are the prime factors of 11899?
73, 163
What are the prime factors of 5587?
37, 151
What are the prime factors of 10967?
11, 997
List the prime factors of 17304.
2, 3, 7, 103
List the prime factors of 14787.
3, 31, 53
List the prime factors of 2451.
3, 19, 43
What are the prime factors of 5142?
2, 3, 857
List the prime factors of 2233.
7, 11, 29
List the prime factors of 3064.
2, 383
List the prime factors of 1001.
7, 11, 13
List the prime factors of 45543.
3, 17, 19, 47
List the prime factors of 29637.
3, 37, 89
List the prime factors of 45494.
2, 23, 43
List the prime factors of 23247.
3, 7, 41
What are the prime factors of 218?
2, 109
What are the prime factors of 3987?
3, 443
What are the prime factors of 65?
5, 13
What are the prime factors of 717?
3, 239
What are the prime factors of 4788?
2, 3, 7, 19
What are the prime factors of 23509?
23509
What are the prime factors of 32703?
3, 11, 991
What are the prime factors of 35025?
3, 5, 467
What are the prime factors of 587?
587
What are the prime factors of 29899?
29, 1031
List the prime factors of 5126.
2, 11, 233
What are the prime factors of 370?
2, 5, 37
What are the prime factors of 10686?
2, 3, 13, 137
List the prime factors of 4391.
4391
What are the prime factors of 2737?
7, 17, 23
What are the prime factors of 16204?
2, 4051
What are the prime factors of 4123?
7, 19, 31
What are the prime factors of 7639?
7639
What are the prime factors of 25184?
2, 787
List the prime factors of 9601.
9601
List the prime factors of 2819.
2819
What are the prime factors of 110072?
2, 13759
List the prime factors of 37254.
2, 3, 7, 887
List the prime factors of 13257.
3, 491
What are the prime factors of 31934?
2, 7, 2281
List the prime factors of 15400.
2, 5, 7, 11
List the prime factors of 10081.
17, 593
What are the prime factors of 24095?
5, 61, 79
List the prime factors of 11059.
11059
List the prime factors of 88074.
2, 3, 7, 233
List the prime factors of 5314.
2, 2657
List the prime factors of 5196.
2, 3, 433
What are the prime factors of 25053?
3, 7, 1193
What are the prime factors of 764?
2, 191
List the prime factors of 5484.
2, 3, 457
List the prime factors of 26492.
2, 37, 179
List the prime factors of 1506.
2, 3, 251
What are the prime factors of 2734?
2, 1367
List the prime factors of 5300.
2, 5, 53
List the prime factors of 8203.
13, 631
What are the prime factors of 11660?
2, 5, 11, 53
What are the prime factors of 22253?
7, 11, 17
What are the prime factors of 1745?
5, 349
What are the prime factors of 1934?
2, 967
List the prime factors of 1622.
2, 811
List the prime factors of 20592.
2, 3, 11, 13
What are the prime factors of 112192?
2, 1753
What are the prime factors of 3361?
3361
What are the prime factors of 15192?
2, 3, 211
What are the prime factors of 49341?
3, 16447
List the prime factors of 88053.
3, 7, 599
List the prime factors of 23.
23
What are the prime factors of 610?
2, 5, 61
What are the prime factors of 41311?
109, 379
List the prime factors of 15862.
2, 7, 11, 103
List the prime factors of 1227.
3, 409
List the prime factors of